{"id":44,"date":"2020-03-19T16:58:42","date_gmt":"2020-03-19T15:58:42","guid":{"rendered":"http:\/\/katarzynakwasek.pl\/?page_id=44"},"modified":"2025-05-07T07:28:54","modified_gmt":"2025-05-07T07:28:54","slug":"o-mnie","status":"publish","type":"page","link":"https:\/\/glamlaw.pl\/index.php\/o-mnie\/","title":{"rendered":"O mnie"},"content":{"rendered":"<div class=\"style-334 style-local-44-c1 position-relative\" data-colibri-id=\"44-c1\">\u00a0<\/div>\n\n\n<p class=\"has-text-align-center\"><\/p>\n\n\n\n<p><strong>Cze\u015b\u0107!<\/strong> Nazywam si\u0119\u00a0Katarzyna Kwasek\u00a0i jestem adwokatk\u0105.\u00a0<\/p>\n\n\n\n<p>Moj\u0105 specjalizacj\u0105 jest\u00a0<strong>prawo w\u0142asno\u015bci intelektualnej<\/strong>, a szczeg\u00f3lnie\u00a0prawo autorskie. Pomagam bran\u017cy kreatywnej ogarn\u0105\u0107 prawnicze tematy.\u00a0<\/p>\n\n\n\n<p>Zajmuje si\u0119 te\u017c tematami\u00a0<strong>ochrony danych osobowych<\/strong> i privacy.<\/p>\n\n\n\n<p>Pisz\u0119 bloga o prawie w popkulturze, prowadz\u0119 instagram&nbsp;<a href=\"https:\/\/www.instagram.com\/glam.law\/\">glam.law<\/a>&nbsp;z wpisami wok\u00f3\u0142 kultury, sztuki, nowych technologii i oczywi\u015bcie \u2013 prawa autorskiego.<\/p>\n\n\n\n<p>Po wi\u0119cej szczeg\u00f3\u0142\u00f3w zapraszam na m\u00f3j <a href=\"https:\/\/www.linkedin.com\/in\/katarzyna-kwasek\/\">Linkedin<\/a>.<\/p>\n\n\n\n<p><\/p>\n\n\n\n<div class=\"wp-block-cover alignfull\" style=\"min-height:420px;aspect-ratio:unset;\"><span aria-hidden=\"true\" class=\"wp-block-cover__background has-nv-light-bg-background-color has-background-dim-100 has-background-dim\"><\/span><div class=\"wp-block-cover__inner-container is-layout-flow wp-block-cover-is-layout-flow\">\n<div style=\"height:80px\" aria-hidden=\"true\" class=\"wp-block-spacer\"><\/div>\n\n\n\n<p class=\"has-text-align-center has-nv-dark-bg-color has-text-color has-large-font-size\"><strong>Znajd\u017a mnie <\/strong>w social mediach<\/p>\n\n\n\n<div class=\"wp-block-columns is-layout-flex wp-container-core-columns-is-layout-9d6595d7 wp-block-columns-is-layout-flex\">\n<div class=\"wp-block-column ticss-4ce656f1 is-layout-flow wp-block-column-is-layout-flow\"><div class=\"wp-block-image is-style-rounded\">\n<figure class=\"aligncenter size-thumbnail is-resized\"><a href=\"https:\/\/www.facebook.com\/katarzynakwasek.law\" target=\"_blank\" rel=\"noreferrer noopener\"><img loading=\"lazy\" decoding=\"async\" width=\"150\" height=\"150\" src=\"https:\/\/glamlaw.pl\/wp-content\/uploads\/2022\/11\/facebook-2170419_1280-150x150.png\" alt=\"\" class=\"wp-image-502\" style=\"width:113px;height:113px\" srcset=\"https:\/\/glamlaw.pl\/wp-content\/uploads\/2022\/11\/facebook-2170419_1280-150x150.png 150w, https:\/\/glamlaw.pl\/wp-content\/uploads\/2022\/11\/facebook-2170419_1280-300x300.png 300w, https:\/\/glamlaw.pl\/wp-content\/uploads\/2022\/11\/facebook-2170419_1280-1024x1024.png 1024w, https:\/\/glamlaw.pl\/wp-content\/uploads\/2022\/11\/facebook-2170419_1280-768x768.png 768w, https:\/\/glamlaw.pl\/wp-content\/uploads\/2022\/11\/facebook-2170419_1280.png 1280w\" sizes=\"auto, (max-width: 150px) 100vw, 150px\" \/><\/a><\/figure><\/div><\/div>\n\n\n\n<div class=\"wp-block-column ticss-f6fc7494 is-layout-flow wp-block-column-is-layout-flow\"><div class=\"wp-block-image is-style-rounded\">\n<figure class=\"aligncenter size-thumbnail is-resized\"><a href=\"https:\/\/www.instagram.com\/glam.law\/\" target=\"_blank\" rel=\"noreferrer noopener\"><img loading=\"lazy\" decoding=\"async\" width=\"150\" height=\"150\" src=\"https:\/\/glamlaw.pl\/wp-content\/uploads\/2022\/11\/instagram-2170420_1280-150x150.png\" alt=\"\" class=\"wp-image-503\" style=\"width:113px;height:113px\" srcset=\"https:\/\/glamlaw.pl\/wp-content\/uploads\/2022\/11\/instagram-2170420_1280-150x150.png 150w, https:\/\/glamlaw.pl\/wp-content\/uploads\/2022\/11\/instagram-2170420_1280-300x300.png 300w, https:\/\/glamlaw.pl\/wp-content\/uploads\/2022\/11\/instagram-2170420_1280-1024x1024.png 1024w, https:\/\/glamlaw.pl\/wp-content\/uploads\/2022\/11\/instagram-2170420_1280-768x768.png 768w, https:\/\/glamlaw.pl\/wp-content\/uploads\/2022\/11\/instagram-2170420_1280.png 1280w\" sizes=\"auto, (max-width: 150px) 100vw, 150px\" \/><\/a><\/figure><\/div><\/div>\n\n\n\n<div class=\"wp-block-column ticss-a5b4df29 is-layout-flow wp-block-column-is-layout-flow\"><div class=\"wp-block-image is-style-rounded\">\n<figure class=\"aligncenter size-thumbnail is-resized\"><a href=\"https:\/\/www.linkedin.com\/in\/katarzyna-kwasek\/\" target=\"_blank\" rel=\"noreferrer noopener\"><img loading=\"lazy\" decoding=\"async\" width=\"150\" height=\"150\" src=\"https:\/\/glamlaw.pl\/wp-content\/uploads\/2022\/11\/linkedin-2170421_1280-150x150.png\" alt=\"\" class=\"wp-image-504\" style=\"width:113px;height:113px\" srcset=\"https:\/\/glamlaw.pl\/wp-content\/uploads\/2022\/11\/linkedin-2170421_1280-150x150.png 150w, https:\/\/glamlaw.pl\/wp-content\/uploads\/2022\/11\/linkedin-2170421_1280-300x300.png 300w, https:\/\/glamlaw.pl\/wp-content\/uploads\/2022\/11\/linkedin-2170421_1280-1024x1024.png 1024w, https:\/\/glamlaw.pl\/wp-content\/uploads\/2022\/11\/linkedin-2170421_1280-768x768.png 768w, https:\/\/glamlaw.pl\/wp-content\/uploads\/2022\/11\/linkedin-2170421_1280.png 1280w\" sizes=\"auto, (max-width: 150px) 100vw, 150px\" \/><\/a><\/figure><\/div>\n\n\n<div style=\"height:20px\" aria-hidden=\"true\" class=\"wp-block-spacer\"><\/div>\n<\/div>\n<\/div>\n\n\n\n<div style=\"height:30px\" aria-hidden=\"true\" class=\"wp-block-spacer\"><\/div>\n<\/div><\/div>\n","protected":false},"excerpt":{"rendered":"<p>\u00a0 Cze\u015b\u0107! Nazywam si\u0119\u00a0Katarzyna Kwasek\u00a0i jestem adwokatk\u0105.\u00a0 Moj\u0105 specjalizacj\u0105 jest\u00a0prawo w\u0142asno\u015bci intelektualnej, a szczeg\u00f3lnie\u00a0prawo autorskie. Pomagam bran\u017cy kreatywnej ogarn\u0105\u0107 prawnicze tematy.\u00a0 Zajmuje si\u0119 te\u017c tematami\u00a0ochrony danych osobowych i privacy. Pisz\u0119 bloga o prawie w popkulturze, prowadz\u0119 instagram&nbsp;glam.law&nbsp;z wpisami wok\u00f3\u0142 kultury, sztuki, nowych technologii i oczywi\u015bcie \u2013 prawa autorskiego. Po wi\u0119cej szczeg\u00f3\u0142\u00f3w zapraszam na m\u00f3j Linkedin.<\/p>\n","protected":false},"author":1,"featured_media":0,"parent":0,"menu_order":0,"comment_status":"closed","ping_status":"closed","template":"","meta":{"om_disable_all_campaigns":false,"_mi_skip_tracking":false,"_monsterinsights_sitenote_active":false,"_monsterinsights_sitenote_note":"","_monsterinsights_sitenote_category":0,"neve_meta_sidebar":"","neve_meta_container":"","neve_meta_enable_content_width":"","neve_meta_content_width":0,"neve_meta_title_alignment":"","neve_meta_author_avatar":"","neve_post_elements_order":"","neve_meta_disable_header":"","neve_meta_disable_footer":"","neve_meta_disable_title":"","_themeisle_gutenberg_block_has_review":false,"_ti_tpc_template_sync":false,"_ti_tpc_template_id":"","footnotes":""},"class_list":["post-44","page","type-page","status-publish","hentry"],"aioseo_notices":[],"_links":{"self":[{"href":"https:\/\/glamlaw.pl\/index.php\/wp-json\/wp\/v2\/pages\/44","targetHints":{"allow":["GET"]}}],"collection":[{"href":"https:\/\/glamlaw.pl\/index.php\/wp-json\/wp\/v2\/pages"}],"about":[{"href":"https:\/\/glamlaw.pl\/index.php\/wp-json\/wp\/v2\/types\/page"}],"author":[{"embeddable":true,"href":"https:\/\/glamlaw.pl\/index.php\/wp-json\/wp\/v2\/users\/1"}],"replies":[{"embeddable":true,"href":"https:\/\/glamlaw.pl\/index.php\/wp-json\/wp\/v2\/comments?post=44"}],"version-history":[{"count":7,"href":"https:\/\/glamlaw.pl\/index.php\/wp-json\/wp\/v2\/pages\/44\/revisions"}],"predecessor-version":[{"id":602,"href":"https:\/\/glamlaw.pl\/index.php\/wp-json\/wp\/v2\/pages\/44\/revisions\/602"}],"wp:attachment":[{"href":"https:\/\/glamlaw.pl\/index.php\/wp-json\/wp\/v2\/media?parent=44"}],"curies":[{"name":"wp","href":"https:\/\/api.w.org\/{rel}","templated":true}]}}