{"id":57,"date":"2020-03-19T18:55:06","date_gmt":"2020-03-19T17:55:06","guid":{"rendered":"http:\/\/katarzynakwasek.pl\/?page_id=57"},"modified":"2023-03-24T11:43:02","modified_gmt":"2023-03-24T11:43:02","slug":"kontakt","status":"publish","type":"page","link":"https:\/\/glamlaw.pl\/index.php\/kontakt\/","title":{"rendered":"Kontakt"},"content":{"rendered":"<div style=\"margin: 0px auto; width: 50%; text-align: center;\">\n<h4 class=\"has-text-align-center\">Potrzebujesz pomocy w prawnym temacie? A mo\u017ce masz pomys\u0142 na kreatywn\u0105 wsp\u00f3\u0142prac\u0119?<\/h4>\n<div class=\"wp-block-button aligncenter\"><a class=\"wp-block-button__link\" href=\"mailto:katarzyna.kwasek@glamlaw.pl\" target=\"_blank\" rel=\"noreferrer noopener\">Napisz do mnie<\/a><\/div>\n<p><!-- \/wp:post-content --><\/p>\n<p><!-- wp:button {\"align\":\"center\"} --><\/p>\n<p><!-- \/wp:button --><\/p>\n<\/div>\n\n<!-- wp:cover {\"overlayColor\":\"nv-light-bg\",\"minHeight\":420,\"align\":\"full\",\"otterConditions\":[]} -->\n<div class=\"wp-block-cover alignfull\" style=\"min-height:420px\"><span aria-hidden=\"true\" class=\"wp-block-cover__background has-nv-light-bg-background-color has-background-dim-100 has-background-dim\"><\/span><div class=\"wp-block-cover__inner-container\"><!-- wp:spacer {\"height\":\"80px\",\"otterConditions\":[]} -->\n<div style=\"height:80px\" aria-hidden=\"true\" class=\"wp-block-spacer\"><\/div>\n<!-- \/wp:spacer -->\n\n<!-- wp:paragraph {\"align\":\"center\",\"textColor\":\"nv-dark-bg\",\"fontSize\":\"large\"} -->\n<p class=\"has-text-align-center has-nv-dark-bg-color has-text-color has-large-font-size\"><strong>Znajd\u017a mnie <\/strong>w social mediach<\/p>\n<!-- \/wp:paragraph -->\n\n<!-- wp:columns -->\n<div class=\"wp-block-columns\"><!-- wp:column {\"className\":\"ticss-4ce656f1\"} -->\n<div class=\"wp-block-column ticss-4ce656f1\"><!-- wp:image {\"align\":\"center\",\"id\":502,\"width\":113,\"height\":113,\"sizeSlug\":\"thumbnail\",\"linkDestination\":\"custom\",\"className\":\"is-style-rounded\"} -->\n<figure class=\"wp-block-image aligncenter size-thumbnail is-resized is-style-rounded\"><a href=\"https:\/\/www.facebook.com\/katarzynakwasek.law\" target=\"_blank\" rel=\"noreferrer noopener\"><img loading=\"lazy\" decoding=\"async\" src=\"https:\/\/glamlaw.pl\/wp-content\/uploads\/2022\/11\/facebook-2170419_1280-150x150.png\" alt=\"\" class=\"wp-image-502\" width=\"113\" height=\"113\" srcset=\"https:\/\/glamlaw.pl\/wp-content\/uploads\/2022\/11\/facebook-2170419_1280-150x150.png 150w, https:\/\/glamlaw.pl\/wp-content\/uploads\/2022\/11\/facebook-2170419_1280-300x300.png 300w, https:\/\/glamlaw.pl\/wp-content\/uploads\/2022\/11\/facebook-2170419_1280-1024x1024.png 1024w, https:\/\/glamlaw.pl\/wp-content\/uploads\/2022\/11\/facebook-2170419_1280-768x768.png 768w, https:\/\/glamlaw.pl\/wp-content\/uploads\/2022\/11\/facebook-2170419_1280.png 1280w\" sizes=\"auto, (max-width: 113px) 100vw, 113px\" \/><\/a><\/figure>\n<!-- \/wp:image --><\/div>\n<!-- \/wp:column -->\n\n<!-- wp:column {\"className\":\"ticss-f6fc7494\"} -->\n<div class=\"wp-block-column ticss-f6fc7494\"><!-- wp:image {\"align\":\"center\",\"id\":503,\"width\":113,\"height\":113,\"sizeSlug\":\"thumbnail\",\"linkDestination\":\"custom\",\"className\":\"is-style-rounded\"} -->\n<figure class=\"wp-block-image aligncenter size-thumbnail is-resized is-style-rounded\"><a href=\"https:\/\/www.instagram.com\/glam.law\/\" target=\"_blank\" rel=\"noreferrer noopener\"><img loading=\"lazy\" decoding=\"async\" src=\"https:\/\/glamlaw.pl\/wp-content\/uploads\/2022\/11\/instagram-2170420_1280-150x150.png\" alt=\"\" class=\"wp-image-503\" width=\"113\" height=\"113\" srcset=\"https:\/\/glamlaw.pl\/wp-content\/uploads\/2022\/11\/instagram-2170420_1280-150x150.png 150w, https:\/\/glamlaw.pl\/wp-content\/uploads\/2022\/11\/instagram-2170420_1280-300x300.png 300w, https:\/\/glamlaw.pl\/wp-content\/uploads\/2022\/11\/instagram-2170420_1280-1024x1024.png 1024w, https:\/\/glamlaw.pl\/wp-content\/uploads\/2022\/11\/instagram-2170420_1280-768x768.png 768w, https:\/\/glamlaw.pl\/wp-content\/uploads\/2022\/11\/instagram-2170420_1280.png 1280w\" sizes=\"auto, (max-width: 113px) 100vw, 113px\" \/><\/a><\/figure>\n<!-- \/wp:image --><\/div>\n<!-- \/wp:column -->\n\n<!-- wp:column {\"className\":\"ticss-a5b4df29\"} -->\n<div class=\"wp-block-column ticss-a5b4df29\"><!-- wp:image {\"align\":\"center\",\"id\":504,\"width\":113,\"height\":113,\"sizeSlug\":\"thumbnail\",\"linkDestination\":\"custom\",\"className\":\"is-style-rounded\"} -->\n<figure class=\"wp-block-image aligncenter size-thumbnail is-resized is-style-rounded\"><a href=\"https:\/\/www.linkedin.com\/in\/katarzyna-kwasek\/\" target=\"_blank\" rel=\"noreferrer noopener\"><img loading=\"lazy\" decoding=\"async\" src=\"https:\/\/glamlaw.pl\/wp-content\/uploads\/2022\/11\/linkedin-2170421_1280-150x150.png\" alt=\"\" class=\"wp-image-504\" width=\"113\" height=\"113\" srcset=\"https:\/\/glamlaw.pl\/wp-content\/uploads\/2022\/11\/linkedin-2170421_1280-150x150.png 150w, https:\/\/glamlaw.pl\/wp-content\/uploads\/2022\/11\/linkedin-2170421_1280-300x300.png 300w, https:\/\/glamlaw.pl\/wp-content\/uploads\/2022\/11\/linkedin-2170421_1280-1024x1024.png 1024w, https:\/\/glamlaw.pl\/wp-content\/uploads\/2022\/11\/linkedin-2170421_1280-768x768.png 768w, https:\/\/glamlaw.pl\/wp-content\/uploads\/2022\/11\/linkedin-2170421_1280.png 1280w\" sizes=\"auto, (max-width: 113px) 100vw, 113px\" \/><\/a><\/figure>\n<!-- \/wp:image -->\n\n<!-- wp:spacer {\"height\":\"20px\",\"otterConditions\":[]} -->\n<div style=\"height:20px\" aria-hidden=\"true\" class=\"wp-block-spacer\"><\/div>\n<!-- \/wp:spacer --><\/div>\n<!-- \/wp:column --><\/div>\n<!-- \/wp:columns -->\n\n<!-- wp:spacer {\"height\":\"30px\",\"otterConditions\":[]} -->\n<div style=\"height:30px\" aria-hidden=\"true\" class=\"wp-block-spacer\"><\/div>\n<!-- \/wp:spacer --><\/div><\/div>\n<!-- \/wp:cover -->","protected":false},"excerpt":{"rendered":"<p>Potrzebujesz pomocy w prawnym temacie? A mo\u017ce masz pomys\u0142 na kreatywn\u0105 wsp\u00f3\u0142prac\u0119? Napisz do mnie Znajd\u017a mnie w social mediach<\/p>\n","protected":false},"author":1,"featured_media":0,"parent":0,"menu_order":0,"comment_status":"closed","ping_status":"closed","template":"","meta":{"om_disable_all_campaigns":false,"_mi_skip_tracking":false,"_monsterinsights_sitenote_active":false,"_monsterinsights_sitenote_note":"","_monsterinsights_sitenote_category":0,"neve_meta_sidebar":"","neve_meta_container":"","neve_meta_enable_content_width":"","neve_meta_content_width":0,"neve_meta_title_alignment":"","neve_meta_author_avatar":"","neve_post_elements_order":"","neve_meta_disable_header":"","neve_meta_disable_footer":"","neve_meta_disable_title":"","_themeisle_gutenberg_block_has_review":false,"_ti_tpc_template_sync":false,"_ti_tpc_template_id":"","footnotes":""},"class_list":["post-57","page","type-page","status-publish","hentry"],"aioseo_notices":[],"_links":{"self":[{"href":"https:\/\/glamlaw.pl\/index.php\/wp-json\/wp\/v2\/pages\/57","targetHints":{"allow":["GET"]}}],"collection":[{"href":"https:\/\/glamlaw.pl\/index.php\/wp-json\/wp\/v2\/pages"}],"about":[{"href":"https:\/\/glamlaw.pl\/index.php\/wp-json\/wp\/v2\/types\/page"}],"author":[{"embeddable":true,"href":"https:\/\/glamlaw.pl\/index.php\/wp-json\/wp\/v2\/users\/1"}],"replies":[{"embeddable":true,"href":"https:\/\/glamlaw.pl\/index.php\/wp-json\/wp\/v2\/comments?post=57"}],"version-history":[{"count":7,"href":"https:\/\/glamlaw.pl\/index.php\/wp-json\/wp\/v2\/pages\/57\/revisions"}],"predecessor-version":[{"id":575,"href":"https:\/\/glamlaw.pl\/index.php\/wp-json\/wp\/v2\/pages\/57\/revisions\/575"}],"wp:attachment":[{"href":"https:\/\/glamlaw.pl\/index.php\/wp-json\/wp\/v2\/media?parent=57"}],"curies":[{"name":"wp","href":"https:\/\/api.w.org\/{rel}","templated":true}]}}